 Give o(5).
7
Let i = -16 + 22. Let l be i + -3 - (1 - -1). Let m(j) be the third derivative of -2*j**5/15 - j**3/6 - 3*j**2. Calculate m(l).
-9
Let p(x) = x**3 + 2*x**2 + 2*x + 3. Suppose 4*l = 23 + 5. Suppose -q + 0 = -l. Suppose 3 - q = 2*k. What is p(k)?
-1
Let l(d) be the second derivative of -d**5/60 + d**4/3 - d**3/2 - 9*d**2/2 + 3*d. Let o(r) be the first derivative of l(r). Determine o(3).
12
Let o(t) = -2*t + 10. Suppose 4*b - 53 = 8*x - 3*x, -x = 3*b - 16. Calculate o(b).
-4
Let b(f) be the second derivative of -f**5/5 + f**4/12 - f**3/6 - f**2/2 - 28*f - 2. What is b(-1)?
5
Let l(t) be the third derivative of -11*t**4/24 + 5*t**3/6 - 2*t**2. Let z(d) = -5*d + 3. Let v(b) = -4*l(b) + 9*z(b). What is v(0)?
7
Suppose -14 = -5*a + 3*a. Suppose 0*z = 3*z + 5*r - 17, 0 = -2*z + r + a. Let m(f) = f**3 - 5*f**2 + f + 4. Give m(z).
-8
Let g be (-1)/(3/6) + 6. Let h(l) be the third derivative of l**5/60 - l**4/8 - l**3/6 - 2*l**2. Give h(g).
3
Let n(l) = 5*l**3 - l**2 - 11*l. Let d(s) = -6*s**3 + 12*s + 1. Let o(r) = -6*d(r) - 7*n(r). Let z be 9/(5/2 - 4). What is o(z)?
0
Let m be 2*1 - (-6)/(-6). Let x(t) = t**3 - t**2 + t - 1. Let w(n) = 6*n**2 + 2*n - 3. Let d(u) = m*x(u) + w(u). Give d(-3).
5
Let o(a) = -7 + 4*a + 0*a + 6 - 3*a. Calculate o(5).
4
Let s(i) = -i + 1. Let n(u) = -2*u + 3. Suppose 3*f + 4*h = 7, -4*h + 6 = -2*f - 16. Let k(v) = f*n(v) + 5*s(v). Calculate k(0).
-4
Let f(v) be the second derivative of v**3/3 + 3*v**2/2 + v. Let y = 0 - 3. Give f(y).
-3
Let p(q) = q**3 - 3*q**2 - 4*q + 2. Let b = 8 - 4. Let f be p(b). Let l(g) = 2*g. Let s(o) = -15*o + 3. Let i(d) = 5*l(d) + s(d). Give i(f).
-7
Let b(a) be the second derivative of -a**5/5 - a**4/2 - a**3/6 + a**2/2 + 4*a. Let f(v) = 5*v**3 + 6*v**2 - 1. Let o(i) = -4*b(i) - 3*f(i). Calculate o(-5).
4
Let s(h) = 1 - h - 3 + 5 - 8. Suppose 3*m - 10 = -34. Calculate s(m).
3
Let h(g) be the third derivative of -g**5/60 + g**4/24 + g**3/6 - 10*g**2. Calculate h(1).
1
Let g(k) be the first derivative of -7*k**4/12 + k**3/3 - k**2/2 - 2*k + 3. Let v(s) be the first derivative of g(s). Calculate v(1).
-6
Let s(b) be the third derivative of b**5/10 - b**3/6 - b**2. Let k(i) = i + 0*i + 0*i - 2*i + 11. Let u be k(12). Give s(u).
5
Let v(c) = c + 1. Let g = -16 - -9. Let w(z) = z**3 + 7*z**2. Let l be w(g). Suppose -p - 8 = -3*i, l = -5*p - i + 11 - 3. What is v(p)?
2
Let k(n) = n**3 + 7*n**2 - n - 4. Let y be k(-7). Suppose y*x - 2*x = -5. Let r(o) = -2*o + o**3 - 5*o**2 - 3*o**3 - 6 + o**3. Give r(x).
4
Let n(l) = 5*l**2 - 10*l + 9. Let d(r) = 2*r**2 - 5*r + 4. Let z(s) = -7*d(s) + 3*n(s). What is z(-6)?
5
Let n(u) = 2 + 16*u**2 + 6*u - 10*u**2 - 7*u**2. Give n(7).
-5
Let l be (-16)/12 - (3 - 2)/(-3). Let w(k) = 4*k. Give w(l).
-4
Suppose 3*s - 4*j = 4, j + j - 4 = 3*s. Let b(r) = r**3 + 5*r**2 + 5*r + 4. Calculate b(s).
0
Let h = 55 - 50. Let y(d) = -d + 4. What is y(h)?
-1
Let y = -38 - -63. Suppose -y = g + 4*g. Let q(l) = -2 + l + 3 + 2. Determine q(g).
-2
Suppose 2*f - 2 = 10. Suppose 0*u + f*u = 0. Let m(k) = -k - 5. Calculate m(u).
-5
Suppose 4*j - 6 = 2. Let k(n) = -2*n + 0*n + 0*n. Give k(j).
-4
Let r(b) = -10*b + 23. Let w(k) be the second derivative of 7*k**3/6 - 15*k**2/2 - k. Let p(s) = -5*r(s) - 7*w(s). Calculate p(6).
-4
Let w(m) be the second derivative of -9*m**5/20 + m**3/6 - 2*m. Let b = 2 - 3. Give w(b).
8
Suppose 0 = 4*r + 2*l - 6, 2*r = 2*l + 2*l + 28. Let o(q) = -2*q**2 + 15*q + 3. Let c(f) = f**2 - 8*f - 1. Let u(p) = 7*c(p) + 4*o(p). What is u(r)?
5
Let i(j) = -j**3 - 2*j**2 + 4*j + 4. Let w be 0 + 2 + (-4 - -4). Suppose 5*d - k + 3 = 3*d, 3*d = k - w. Let c be (d + -6 - 0) + 2. Calculate i(c).
1
Let l(x) = -16*x + 24*x - 8*x - 1 - 9*x. Give l(-1).
8
Suppose 0*i = -2*i + 12. Suppose 19 = 5*k - i. Let z(o) = -2 - 2*o + k + o**3 - 2. Give z(1).
0
Let y = 9 - 6. Suppose -2*g - c - 2 = -15, 3*c - y = 3*g. Let o(b) = -4*b + 5. Determine o(g).
-11
Suppose 0 = s + 2*r + 4, -s + r + 8 = -r. Suppose 3*q + 3 - 9 = 0. Let v(f) = 3*f**2 + f**2 - 4*f - 3*f**2 + q. Determine v(s).
-2
Let t(q) be the third derivative of 1/6*q**3 + 0*q - 3*q**2 + 0 + 1/4*q**4. Give t(-1).
-5
Let m = 73 + -70. Let c(k) = -k**3 + 3*k**2 + k + 1. Calculate c(m).
4
Let a(c) = -c**3 - 4*c**2 + 3*c - 5. Let m be (-1 + 3)*(-25)/10. Let j be a(m). Let h(p) = p**3 - 5*p**2 - 4. What is h(j)?
-4
Let t(x) = -3 + 3 - 1. Let n(m) = -m + 9. Let p(q) = -n(q) - 6*t(q). Suppose -3*y + 2*y = -h + 2, 0 = 5*h + 15. Calculate p(y).
-8
Let g(y) = -y**2 - 4*y. Suppose 5*z - c = -4*c + 5, 2*c = -2*z + 6. Calculate g(z).
4
Suppose 2*o + 2*o + 2*z = 4, 3*z + 14 = 4*o. Let l(u) be the first derivative of -3*u**2/2 + 3*u - 5. Give l(o).
-3
Let q(p) = p**2 + 103 + 0*p**2 - 94 - 5*p - 4*p. Give q(8).
1
Let u(n) = n**2 - 7*n + 1. Suppose 8*p - 37 = 19. Give u(p).
1
Let u(v) = 3*v**2 + 13*v + 2. Let j(d) = -2*d**2 - 9*d - 1. Let x(g) = -7*j(g) - 5*u(g). Calculate x(-4).
-11
Suppose -5*y = 5*j - 45, -27 = -3*j - 4*y - 3. Suppose -4*o + 5*b = 26 + 5, -j = -4*b. Let i(g) = g + 2. What is i(o)?
-2
Let u(n) = -n**2 - 5*n. Suppose -4*p - 7 = -t - 21, 3*t - 14 = -2*p. Suppose 0*g + 2*s - t = -g, 3*g + 34 = 4*s. Let j be 42/g + 3*1. Give u(j).
4
Let p(w) = 45*w + 8 - 26*w - 18*w. Let q be 0/1 + -15*1. Let r be 2/(-5) + 69/q. What is p(r)?
3
Let w(g) = 3*g**3 + 5*g**2 + g - 2. Let b(f) = f**3 + f. Let r(a) = 4*b(a) - w(a). Give r(5).
17
Let o(g) = 6*g - 18*g + 0*g + 6*g + 5*g. Let r = 6 - 1. Suppose r*l - 17 = 3. What is o(l)?
-4
Let y(x) be the third derivative of -x**4/8 + 2*x**3/3 + 21*x**2. What is y(-4)?
16
Let z = 4 - 6. Let j(r) = r + 1. Let m be j(z). Let o(g) = 0*g - 4*g + g + 2*g - 5*g**2. Calculate o(m).
-4
Let z(p) be the third derivative of p**4/24 - p**3 + 19*p**2. Let b(q) = -5*q + 1. Let j be b(-1). Give z(j).
0
Let w(b) be the second derivative of b**8/6720 + b**7/630 - b**6/720 + b**5/60 + 5*b**4/12 + 4*b. Let d(a) be the third derivative of w(a). Give d(-4).
6
Suppose -2*m = -m. Let s(q) be the third derivative of -q**6/720 - q**5/120 + q**4/24 - 2*q**2. Let o(d) be the second derivative of s(d). Give o(m).
-1
Let b(q) be the third derivative of -q**6/120 - q**5/20 + 5*q**4/24 + q**3/6 + q**2. Suppose -23 = 11*g + 21. What is b(g)?
-3
Suppose -2*q = 2*q + 12. Let i(x) be the third derivative of x**4/24 + 2*x**2. Determine i(q).
-3
Suppose z + 70 = -5*a + 40, 4*a = 5*z - 24. Let w(r) = -2*r + 4*r - 3*r**3 + 7 + 4*r**3 + 6*r**2. Determine w(a).
-5
Let o(t) = 3*t**2 - 26*t + 12. Let c(z) be the second derivative of -z**4/12 + 3*z**3/2 - 2*z**2 + 4*z. Let x(b) = 8*c(b) + 3*o(b). Determine x(6).
4
Let r(y) = -3*y**2 + 1. Let i(l) = -l**2 - 3*l - 2. Let x be i(-3). What is r(x)?
-11
Let n(v) = -3*v - 1. Let k(y) = -7*y - 1. Let j(q) = 2*k(q) - 5*n(q). Let f = 81 + -78. Give j(f).
6
Let i(g) = g**3 + g**2 - g - 1. Let x(u) = 3*u**3 + 3*u**2 - 2*u - 1. Let s(n) = 5*i(n) - 2*x(n). Let w = -9 - -9. Calculate s(w).
-3
Let r(p) = -p**3 - 5*p**2 - p - 6. Suppose 0 = -3*z - 3*h - 18, 7 = -10*z + 8*z + 3*h. Give r(z).
-1
Let n(s) = 3*s + s**3 - 12*s**2 + 7*s**2 + 2*s**2. Determine n(2).
2
Let g = -156 - -158. Let o(v) be the third derivative of v**g + 1/24*v**4 + 0 + 0*v + 1/6*v**3. Calculate o(1).
2
Let m(o) = -2*o**2 + 3*o. Let r(k) = -3*k**2 + 7*k. Let t(i) = -5*m(i) + 2*r(i). What is t(1)?
3
Let u(i) be the third derivative of -i**5/60 + i**4/6 + 5*i**3/6 - 9*i**2. What is u(6)?
-7
Suppose v + 2*c - 4 = 0, -3*v = -6*v + 5*c + 23. Let i(r) = -r**2 + 5*r - 3. Calculate i(v).
-9
Let f(m) = 0*m + 10 - 6*m + 3*m + m. Let d be 3/1*(-10)/(-30) + 6. Calculate f(d).
-4
Let i be (-36)/48*4*-1. Let a(s) = s**3 - 4*s**2 + s - 2. Give a(i).
-8
Let y(f) be the first derivative of f**3/3 - 7*f**2/2 + 4*f + 3. Let p(h) = -4*h + 34. Let d be p(7). Determine y(d).
-2
Let s(b) = b**3 - 2*b**2 - 4*b + 2. Let q(w) = -w**3 - 9*w**2 + w + 12. Let n be q(-9). Determine s(n).
-1
Let s(v) = v - 1. Let c = -15 + 18. Determine s(c).
2
Suppose 3*c = 3*u - 13 - 14, 5*c = 3*u - 35. Suppose -10 - 15 = u*a. Let l(b) be the first derivative of -b**4/4 - 2*b**3 - 3*b**2/2 + 6*b - 1. Give l(a).
-4
Suppose 2*s + 13 = 17. Let o(n) = -2*n**2 + 2*n. Determine o(s).
-4
Suppose -2*o + 57 = 55. Let z(f) = -3*f + 1. Determine z(o).
-2
Suppose -3*s - 4*w = -s + 14, 